{"id":12069,"date":"2021-10-13T13:18:57","date_gmt":"2021-10-13T18:18:57","guid":{"rendered":"https:\/\/contravinos.pcbtroniks.com\/product\/vinaltura-ad-tinto\/"},"modified":"2024-05-24T21:09:28","modified_gmt":"2024-05-25T03:09:28","slug":"vinaltura-ad-tinto","status":"publish","type":"product","link":"https:\/\/lacontravinos.com\/merida\/product\/vinaltura-ad-tinto\/","title":{"rendered":"Vinaltura Tinto"},"content":{"rendered":"","protected":false},"excerpt":{"rendered":"<p><strong>Regi\u00f3n<\/strong><br \/>\n<span data-sheets-value=\"{&quot;1&quot;:2,&quot;2&quot;:&quot;Valle de Col\u00f3n, Quer\u00e9taro, M\u00e9xico&quot;}\" data-sheets-userformat=\"{&quot;2&quot;:15357,&quot;3&quot;:{&quot;1&quot;:0},&quot;5&quot;:{&quot;1&quot;:[{&quot;1&quot;:2,&quot;2&quot;:0,&quot;5&quot;:{&quot;1&quot;:2,&quot;2&quot;:0}},{&quot;1&quot;:0,&quot;2&quot;:0,&quot;3&quot;:3},{&quot;1&quot;:1,&quot;2&quot;:0,&quot;4&quot;:1}]},&quot;6&quot;:{&quot;1&quot;:[{&quot;1&quot;:2,&quot;2&quot;:0,&quot;5&quot;:{&quot;1&quot;:2,&quot;2&quot;:0}},{&quot;1&quot;:0,&quot;2&quot;:0,&quot;3&quot;:3},{&quot;1&quot;:1,&quot;2&quot;:0,&quot;4&quot;:1}]},&quot;7&quot;:{&quot;1&quot;:[{&quot;1&quot;:2,&quot;2&quot;:0,&quot;5&quot;:{&quot;1&quot;:2,&quot;2&quot;:0}},{&quot;1&quot;:0,&quot;2&quot;:0,&quot;3&quot;:3},{&quot;1&quot;:1,&quot;2&quot;:0,&quot;4&quot;:1}]},&quot;8&quot;:{&quot;1&quot;:[{&quot;1&quot;:2,&quot;2&quot;:0,&quot;5&quot;:{&quot;1&quot;:2,&quot;2&quot;:0}},{&quot;1&quot;:0,&quot;2&quot;:0,&quot;3&quot;:3},{&quot;1&quot;:1,&quot;2&quot;:0,&quot;4&quot;:1}]},&quot;9&quot;:1,&quot;10&quot;:1,&quot;11&quot;:4,&quot;12&quot;:0,&quot;14&quot;:{&quot;1&quot;:3,&quot;3&quot;:1},&quot;15&quot;:&quot;Calibri&quot;,&quot;16&quot;:12}\">Valle de Col\u00f3n, Quer\u00e9taro, M\u00e9xico<\/span><\/p>\n<p><strong>Vinicultura<\/strong><br \/>\nHans Duer<\/p>\n<p><strong>Variedad(es)<\/strong><br \/>\n<span data-sheets-value=\"{&quot;1&quot;:2,&quot;2&quot;:&quot;Tempranillo, Merlot, Petite Sirah&quot;}\" data-sheets-userformat=\"{&quot;2&quot;:15357,&quot;3&quot;:{&quot;1&quot;:0},&quot;5&quot;:{&quot;1&quot;:[{&quot;1&quot;:2,&quot;2&quot;:0,&quot;5&quot;:{&quot;1&quot;:2,&quot;2&quot;:0}},{&quot;1&quot;:0,&quot;2&quot;:0,&quot;3&quot;:3},{&quot;1&quot;:1,&quot;2&quot;:0,&quot;4&quot;:1}]},&quot;6&quot;:{&quot;1&quot;:[{&quot;1&quot;:2,&quot;2&quot;:0,&quot;5&quot;:{&quot;1&quot;:2,&quot;2&quot;:0}},{&quot;1&quot;:0,&quot;2&quot;:0,&quot;3&quot;:3},{&quot;1&quot;:1,&quot;2&quot;:0,&quot;4&quot;:1}]},&quot;7&quot;:{&quot;1&quot;:[{&quot;1&quot;:2,&quot;2&quot;:0,&quot;5&quot;:{&quot;1&quot;:2,&quot;2&quot;:0}},{&quot;1&quot;:0,&quot;2&quot;:0,&quot;3&quot;:3},{&quot;1&quot;:1,&quot;2&quot;:0,&quot;4&quot;:1}]},&quot;8&quot;:{&quot;1&quot;:[{&quot;1&quot;:2,&quot;2&quot;:0,&quot;5&quot;:{&quot;1&quot;:2,&quot;2&quot;:0}},{&quot;1&quot;:0,&quot;2&quot;:0,&quot;3&quot;:3},{&quot;1&quot;:1,&quot;2&quot;:0,&quot;4&quot;:1}]},&quot;9&quot;:1,&quot;10&quot;:1,&quot;11&quot;:4,&quot;12&quot;:0,&quot;14&quot;:{&quot;1&quot;:3,&quot;3&quot;:1},&quot;15&quot;:&quot;Calibri&quot;,&quot;16&quot;:12}\">Tempranillo, Merlot, Petite Sirah<\/span><\/p>\n<p><strong>A\u00f1ejamiento<br \/>\n<\/strong><span data-sheets-value=\"{&quot;1&quot;:2,&quot;2&quot;:&quot;12 meses en barrica de roble franc\u00e9s y americano&quot;}\" data-sheets-userformat=\"{&quot;2&quot;:15357,&quot;3&quot;:{&quot;1&quot;:0},&quot;5&quot;:{&quot;1&quot;:[{&quot;1&quot;:2,&quot;2&quot;:0,&quot;5&quot;:{&quot;1&quot;:2,&quot;2&quot;:0}},{&quot;1&quot;:0,&quot;2&quot;:0,&quot;3&quot;:3},{&quot;1&quot;:1,&quot;2&quot;:0,&quot;4&quot;:1}]},&quot;6&quot;:{&quot;1&quot;:[{&quot;1&quot;:2,&quot;2&quot;:0,&quot;5&quot;:{&quot;1&quot;:2,&quot;2&quot;:0}},{&quot;1&quot;:0,&quot;2&quot;:0,&quot;3&quot;:3},{&quot;1&quot;:1,&quot;2&quot;:0,&quot;4&quot;:1}]},&quot;7&quot;:{&quot;1&quot;:[{&quot;1&quot;:2,&quot;2&quot;:0,&quot;5&quot;:{&quot;1&quot;:2,&quot;2&quot;:0}},{&quot;1&quot;:0,&quot;2&quot;:0,&quot;3&quot;:3},{&quot;1&quot;:1,&quot;2&quot;:0,&quot;4&quot;:1}]},&quot;8&quot;:{&quot;1&quot;:[{&quot;1&quot;:2,&quot;2&quot;:0,&quot;5&quot;:{&quot;1&quot;:2,&quot;2&quot;:0}},{&quot;1&quot;:0,&quot;2&quot;:0,&quot;3&quot;:3},{&quot;1&quot;:1,&quot;2&quot;:0,&quot;4&quot;:1}]},&quot;9&quot;:1,&quot;10&quot;:1,&quot;11&quot;:4,&quot;12&quot;:0,&quot;14&quot;:{&quot;1&quot;:3,&quot;3&quot;:1},&quot;15&quot;:&quot;Calibri&quot;,&quot;16&quot;:12}\">12 meses en barrica de roble franc\u00e9s y americano<\/span><\/p>\n<p><strong>A\u00f1ada<br \/>\n<\/strong>2019<\/p>\n","protected":false},"featured_media":16386,"comment_status":"open","ping_status":"closed","template":"","meta":{"ngg_post_thumbnail":0,"spay_email":"","jetpack_publicize_message":"","jetpack_is_tweetstorm":false,"jetpack_publicize_feature_enabled":true},"product_cat":[272,15,64,300],"product_tag":[],"class_list":["post-12069","product","type-product","status-publish","has-post-thumbnail","hentry","product_cat-vinicola-vinaltura","product_cat-los-vinos-mexicanos","product_cat-vino-tinto-mexicano","product_cat-zona-vitivinicola-de-queretaro"],"jetpack-related-posts":[{"id":12071,"url":"https:\/\/lacontravinos.com\/merida\/product\/vinaltura-ad-malbec\/","url_meta":{"origin":12069,"position":0},"title":"Vinaltura Malbec","date":"13 octubre, 2021","format":false,"excerpt":"Regi\u00f3n Valle de Col\u00f3n, Quer\u00e9taro, M\u00e9xico Vinicultura Hans Duer Variedad(es) Malbec A\u00f1ejamiento 12 meses de barrica de roble franc\u00e9s y americano A\u00f1ada 2019","rel":"","context":"Entrada similar ","img":{"alt_text":"","src":"https:\/\/i0.wp.com\/lacontravinos.com\/merida\/wp-content\/uploads\/2022\/08\/Vinaltura-Malbec-2.png?fit=801%2C1200&ssl=1&resize=350%2C200","width":350,"height":200},"classes":[]},{"id":11993,"url":"https:\/\/lacontravinos.com\/merida\/product\/vinaltura-ad-ladera\/","url_meta":{"origin":12069,"position":1},"title":"Vinaltura Ladera","date":"13 octubre, 2021","format":false,"excerpt":"Regi\u00f3n Valle de Col\u00f3n, Quer\u00e9taro, M\u00e9xico Vinicultura Hans Duer Variedad(es) Merlot, Cabernet Sauvignon A\u00f1ejamiento 12 meses de barrica de roble franc\u00e9s y americano, m\u00ednimo 12 meses de botella A\u00f1ada 2017","rel":"","context":"Entrada similar ","img":{"alt_text":"","src":"https:\/\/i0.wp.com\/lacontravinos.com\/merida\/wp-content\/uploads\/2022\/08\/Vinaltura-Ladera-1.png?fit=800%2C1200&ssl=1&resize=350%2C200","width":350,"height":200},"classes":[]},{"id":11994,"url":"https:\/\/lacontravinos.com\/merida\/product\/vinaltura-ad-arroyo\/","url_meta":{"origin":12069,"position":2},"title":"Vinaltura Arroyo","date":"13 octubre, 2021","format":false,"excerpt":"Regi\u00f3n Valle de Col\u00f3n, Quer\u00e9taro, M\u00e9xico Vinicultura Hans Duer Variedad(es) Merlot, Cabernet Sauvignon A\u00f1ejamiento 12 meses de barrica de roble franc\u00e9s y americano, m\u00ednimo 12 meses de botella A\u00f1ada 2017","rel":"","context":"Entrada similar ","img":{"alt_text":"","src":"https:\/\/i0.wp.com\/lacontravinos.com\/merida\/wp-content\/uploads\/2022\/08\/Vinaltura-Arroyo-1.png?fit=800%2C1200&ssl=1&resize=350%2C200","width":350,"height":200},"classes":[]},{"id":12225,"url":"https:\/\/lacontravinos.com\/merida\/product\/vinaltura-ad-terruro-baja-bajio\/","url_meta":{"origin":12069,"position":3},"title":"Terru\u00f1o Baja Baj\u00edo","date":"13 octubre, 2021","format":false,"excerpt":"Regi\u00f3n Valle de Col\u00f3n, Quer\u00e9taro, M\u00e9xico Vinicultura Hans Duer Variedad(es) Cabernet Sauvignon, Merlot, Cabernet Franc, Malbec A\u00f1ejamiento 12 meses de barrica de roble franc\u00e9s y americano, m\u00ednimo 12 meses de botella A\u00f1ada 2017","rel":"","context":"Entrada similar ","img":{"alt_text":"","src":"https:\/\/i0.wp.com\/lacontravinos.com\/merida\/wp-content\/uploads\/2021\/10\/Dos-Terrun\u0303os-2.png?fit=801%2C1200&ssl=1&resize=350%2C200","width":350,"height":200},"classes":[]},{"id":11995,"url":"https:\/\/lacontravinos.com\/merida\/product\/vinaltura-ad-loma\/","url_meta":{"origin":12069,"position":4},"title":"Vinaltura Loma","date":"13 octubre, 2021","format":false,"excerpt":"","rel":"","context":"Entrada similar ","img":{"alt_text":"","src":"","width":0,"height":0},"classes":[]},{"id":12029,"url":"https:\/\/lacontravinos.com\/merida\/product\/vinaltura-ad-rose\/","url_meta":{"origin":12069,"position":5},"title":"Vinaltura Rosado","date":"13 octubre, 2021","format":false,"excerpt":"Regi\u00f3n Valle de Col\u00f3n, Quer\u00e9taro, M\u00e9xico Vinicultura Hans Duer Variedad(es) Tempranillo, Nebbiolo A\u00f1ejamiento Sin contacto con barrica A\u00f1ada A\/D","rel":"","context":"Entrada similar ","img":{"alt_text":"","src":"https:\/\/i0.wp.com\/lacontravinos.com\/merida\/wp-content\/uploads\/2022\/08\/Vinaltura-Rosado-2.png?fit=801%2C1200&ssl=1&resize=350%2C200","width":350,"height":200},"classes":[]}],"_links":{"self":[{"href":"https:\/\/lacontravinos.com\/merida\/wp-json\/wp\/v2\/product\/12069","targetHints":{"allow":["GET"]}}],"collection":[{"href":"https:\/\/lacontravinos.com\/merida\/wp-json\/wp\/v2\/product"}],"about":[{"href":"https:\/\/lacontravinos.com\/merida\/wp-json\/wp\/v2\/types\/product"}],"replies":[{"embeddable":true,"href":"https:\/\/lacontravinos.com\/merida\/wp-json\/wp\/v2\/comments?post=12069"}],"wp:featuredmedia":[{"embeddable":true,"href":"https:\/\/lacontravinos.com\/merida\/wp-json\/wp\/v2\/media\/16386"}],"wp:attachment":[{"href":"https:\/\/lacontravinos.com\/merida\/wp-json\/wp\/v2\/media?parent=12069"}],"wp:term":[{"taxonomy":"product_cat","embeddable":true,"href":"https:\/\/lacontravinos.com\/merida\/wp-json\/wp\/v2\/product_cat?post=12069"},{"taxonomy":"product_tag","embeddable":true,"href":"https:\/\/lacontravinos.com\/merida\/wp-json\/wp\/v2\/product_tag?post=12069"}],"curies":[{"name":"wp","href":"https:\/\/api.w.org\/{rel}","templated":true}]}}